ist the prime factors of 493912.
2, 107, 577
What are the prime factors of 64559?
11, 5869
List the prime factors of 354086.
2, 177043
What are the prime factors of 13486?
2, 11, 613
List the prime factors of 285998.
2, 29, 4931
List the prime factors of 6185301.
3, 41, 50287
List the prime factors of 152081.
152081
What are the prime factors of 3369674?
2, 7, 11, 21881
What are the prime factors of 104051?
67, 1553
List the prime factors of 533360.
2, 5, 59, 113
List the prime factors of 602922.
2, 3, 17, 23, 257
What are the prime factors of 2751326?
2, 283, 4861
What are the prime factors of 842468?
2, 11, 41, 467
List the prime factors of 217920.
2, 3, 5, 227
List the prime factors of 720341.
17, 42373
What are the prime factors of 419747?
17, 24691
What are the prime factors of 5087389?
37, 359, 383
List the prime factors of 11711157.
3, 29, 227, 593
What are the prime factors of 597210?
2, 3, 5, 17, 1171
List the prime factors of 44691.
3, 14897
What are the prime factors of 1270385?
5, 41, 6197
What are the prime factors of 119173?
119173
List the prime factors of 574358.
2, 287179
List the prime factors of 16975.
5, 7, 97
What are the prime factors of 4379514?
2, 3, 729919
List the prime factors of 671568.
2, 3, 17, 823
What are the prime factors of 554368?
2, 61, 71
List the prime factors of 967405.
5, 163, 1187
What are the prime factors of 27843144?
2, 3, 7, 17, 9749
List the prime factors of 150629.
31, 43, 113
List the prime factors of 2372980.
2, 5, 59, 2011
What are the prime factors of 153412?
2, 7, 5479
What are the prime factors of 1732881?
3, 577627
List the prime factors of 2227452.
2, 3, 185621
What are the prime factors of 1242275?
5, 17, 37, 79
List the prime factors of 463204.
2, 7, 71, 233
List the prime factors of 451172.
2, 149, 757
List the prime factors of 588014.
2, 7, 97, 433
What are the prime factors of 4189715?
5, 837943
What are the prime factors of 739720?
2, 5, 18493
What are the prime factors of 413886?
2, 3, 11, 6271
List the prime factors of 531375.
3, 5, 13, 109
What are the prime factors of 142456?
2, 17807
What are the prime factors of 18119806?
2, 19, 61, 7817
List the prime factors of 2121233.
43, 49331
List the prime factors of 255071.
255071
What are the prime factors of 10347707?
31, 541, 617
List the prime factors of 463275.
3, 5, 29, 71
List the prime factors of 30548321.
41, 331, 2251
List the prime factors of 181779.
3, 13, 59, 79
What are the prime factors of 13724573?
61, 224993
List the prime factors of 225132.
2, 3, 73, 257
List the prime factors of 824838.
2, 3, 7, 41, 479
List the prime factors of 267574.
2, 353, 379
What are the prime factors of 215034?
2, 3, 35839
List the prime factors of 10439817.
3, 179, 19441
What are the prime factors of 188462?
2, 17, 23, 241
List the prime factors of 500142.
2, 3, 83357
List the prime factors of 138510.
2, 3, 5, 19
What are the prime factors of 646454?
2, 263, 1229
List the prime factors of 41150.
2, 5, 823
What are the prime factors of 12457799?
12457799
List the prime factors of 26134654.
2, 7, 13, 37, 3881
What are the prime factors of 492879?
3, 19, 8647
List the prime factors of 1249948.
2, 7, 44641
List the prime factors of 199411.
199411
List the prime factors of 101060.
2, 5, 31, 163
List the prime factors of 4314867.
3, 67, 21467
List the prime factors of 3444875.
5, 7, 31, 127
What are the prime factors of 948522?
2, 3, 113, 1399
What are the prime factors of 6143340?
2, 3, 5, 7, 14627
List the prime factors of 298436.
2, 74609
What are the prime factors of 1119493?
47, 23819
What are the prime factors of 1076041?
31, 103, 337
What are the prime factors of 4260018?
2, 3, 7, 101429
What are the prime factors of 58624?
2, 229
What are the prime factors of 3005934?
2, 3, 227, 2207
List the prime factors of 2392550.
2, 5, 109, 439
List the prime factors of 85767.
3, 11, 23, 113
What are the prime factors of 304995?
3, 5, 20333
What are the prime factors of 5570944?
2, 71, 613
What are the prime factors of 248692?
2, 79, 787
List the prime factors of 28139.
19, 1481
What are the prime factors of 119777?
7, 71, 241
List the prime factors of 326024.
2, 83, 491
List the prime factors of 236452.
2, 59113
List the prime factors of 1905499.
1905499
List the prime factors of 2104133.
83, 101, 251
What are the prime factors of 4962824?
2, 47, 67, 197
What are the prime factors of 2470923?
3, 7, 13, 431
List the prime factors of 449692.
2, 19, 61, 97
List the prime factors of 109451.
109451
List the prime factors of 2358298.
2, 1179149
List the prime factors of 206610.
2, 3, 5, 71, 97
What are the prime factors of 513640?
2, 5, 12841
List the prime factors of 21114.
2, 3, 17, 23
List the prime factors of 6394359.
3, 419, 5087
What are the prime factors of 7722327?
3, 43, 59863
List the prime factors of 59002.
2, 29501
List the prime factors of 154068.
2, 3, 37, 347
List the prime factors of 14485727.
14485727
What are the prime factors of 31059874?
2, 15529937
List the prime factors of 230507.
230507
What are the prime factors of 11966385?
3, 5, 17, 167, 281
What are the prime factors of 5590396?
2, 7, 199657
What are the prime factors of 409050?
2, 3, 5, 101
List the prime factors of 1010559.
3, 11, 113, 271
What are the prime factors of 368154?
2, 3, 113, 181
List the prime factors of 3472.
2, 7, 31
List the prime factors of 155749.
11, 14159
List the prime factors of 2395307.
2395307
What are the prime factors of 6343865?
5, 11, 115343
List the prime factors of 538633.
101, 5333
What are the prime factors of 2581304?
2, 11, 29333
List the prime factors of 335210.
2, 5, 33521
What are the prime factors of 4179468?
2, 3, 19, 23, 797
List the prime factors of 30942764.
2, 101, 191, 401
List the prime factors of 10408524.
2, 3, 7, 123911
What are the prime factors of 6628208?
2, 349, 1187
What are the prime factors of 9159266?
2, 47, 139, 701
What are the prime factors of 2400953?
53, 89, 509
What are the prime factors of 12103934?
2, 23, 263129
What are the prime factors of 1504479?
3, 501493
List the prime factors of 6321760.
2, 5, 39511
What are the prime factors of 3620497?
3620497
List the prime factors of 550886.
2, 7, 19, 109
List the prime factors of 2464427.
7, 23, 15307
What are the prime factors of 4844689?
4844689
List the prime factors of 325211.
401, 811
What are the prime factors of 1828871?
11, 53, 3137
What are the prime factors of 183326?
2, 11, 13, 641
List the prime factors of 143182.
2, 13, 5507
List the prime factors of 50717.
41, 1237
List the prime factors of 1923051.
3, 13, 3793
List the prime factors of 81353.
81353
What are the prime factors of 218641?
218641
List the prime factors of 261266.
2, 130633
List the prime factors of 656332.
2, 31, 67, 79
List the prime factors of 391917.
3, 130639
List the prime factors of 2229812.
2, 13, 137, 313
What are the prime factors of 956642?
2, 478321
List the prime factors of 89559.
3, 31, 107
What are the prime factors of 3355780?
2, 5, 19, 8831
What are the prime factors of 7463195?
5, 53, 28163
What are the prime factors of 891710?
2, 5, 23, 3877
What are the prime factors of 2832015?
3, 5, 188801
What are the prime factors of 76709?
79, 971
What are the prime factors of 1703654?
2, 19, 107, 419
What are the prime factors of 1678564?
2, 139, 3019
What are the prime factors of 824587?
233, 3539
What are the prime factors of 902227?
902227
List the prime factors of 21330.
2, 3, 5, 79
List the prime factors of 1469395.
5, 17, 59, 293
What are the prime factors of 2116547?
103, 20549
What are the prime factors of 432766?
2, 151, 1433
What are the prime factors of 818450?
2, 5, 16369
What are the prime factors of 43443?
3, 1609
What are the prime factors of 2572394?
2, 11, 116927
What are the prime factors of 18810988?
2, 7, 19, 1861
What are the prime factors of 161640?
2, 3, 5, 449
What are the prime factors of 5842567?
5842567
What are the prime factors of 15122828?
2, 7, 540101
List the prime factors of 1946513.
23, 84631
List the prime factors of 119699.
119699
List the prime factors of 4040102.
2, 11, 409, 449
What are the prime factors of 279111?
3, 7, 13291
List the prime factors of 1540974.
2, 3, 79, 3251
List the prime factors of 3633311.
11, 557, 593
List the prime fact